y + 5*z, 0 = 3*y - z + 2 + 2. List the prime factors of y/8 - 186/(-8).
23
Let f(h) = -h**2 - 3*h - 2. Let p be f(-5). Let k = p - -17. Suppose -18 = -2*n + 2*l, 0 = 5*n + k*l - 9 - 6. What are the prime factors of n?
2, 3
Suppose 5*i - 10 = -0*i. Suppose i*d + 31 - 81 = 0. List the prime factors of d.
5
Let x = 8 + 25. List the prime factors of x.
3, 11
Suppose 4*x = 0, 4*z - 3*x = -0*x + 108. What are the prime factors of z?
3
Suppose -5*m = 3*u, m = 6*m - 4*u. Suppose m = -2*r + r + 2. What are the prime factors of r?
2
Let z be (-38)/(-8) + 1/4. Suppose -17 + 7 = -2*k. Suppose k*n = -z*m + 25, -3*m + 5 = n - 2. What are the prime factors of n?
2
What are the prime factors of (-3)/(-9)*39 - 2?
11
Let n = 474 - 313. List the prime factors of n.
7, 23
Suppose -4*c + 17 = -4*u - 3*c, -c = 4*u + 7. Let a = 5 + u. List the prime factors of a.
2
Let j(v) = 6*v**2 + 3*v + 2. What are the prime factors of j(-1)?
5
Let n = 75 + -39. List the prime factors of n.
2, 3
Suppose 0 = -4*z + 2*z. Let c be z/1 + 3 + -3. Suppose c = -3*l + 10 + 20. List the prime factors of l.
2, 5
Suppose -3*y + 502 = 4*x - 934, -y + 359 = x. List the prime factors of x.
359
Let h = -7 + -5. What are the prime factors of (h/10)/((-32)/80)?
3
Suppose -2*b + 35 = -11. What are the prime factors of b?
23
Let j be (-6)/(-4)*(-8)/(-6). Let y(r) = -r**2 - 4 + r**3 - 6*r + 4*r + 0*r**j. What are the prime factors of y(3)?
2
Suppose 0*w - 4*w + 12 = 0. Suppose 2*k - 3*l + 12 = w*k, 46 = 5*k + l. What are the prime factors of k?
3
Let b(t) = 4*t - 2 + 1 + 4*t. List the prime factors of b(1).
7
Let f be ((-13)/(-2))/(2/4). Let r be ((-28)/(-6))/((-4)/(-6)). Let u = f - r. List the prime factors of u.
2, 3
Let o be (3/(-3))/(-1) - -59. Suppose -2*t = 2*t - o. List the prime factors of t.
3, 5
Let f(t) = -3*t - 6. Let s be f(-4). Suppose c - s = -c. Suppose 0 = -k - c + 15. List the prime factors of k.
2, 3
Let t = -6 + 8. Suppose 3*x = -t*x. Suppose 5*o + x*o = -2*v + 30, -3*o - v = -18. What are the prime factors of o?
2, 3
Let f(h) = -h**2 + 1. Let w be f(1). Suppose -4*y = -2*j - 156, w = -3*y - 0*y - 3*j + 126. List the prime factors of y.
2, 5
Suppose -8*c = -5*c - 291. What are the prime factors of c?
97
Suppose 4*f - l = 3*l + 452, 2*l = -5*f + 551. What are the prime factors of f?
3, 37
Suppose -4*p + 85 = 21. List the prime factors of p.
2
Let m = -112 - -333. List the prime factors of m.
13, 17
Suppose 5*k - 15 - 15 = 0. List the prime factors of k.
2, 3
List the prime factors of (-483)/(-15) + 2/(-10).
2
Let g = 14 + 2. Suppose g = o - 9. List the prime factors of o.
5
Suppose 3 + 13 = 4*a. Let r be 12/60 + (-29)/(-5). Suppose -3*t - 30 = -4*p, -r*p = -2*p + a*t - 44. What are the prime factors of p?
3
Suppose -2*z - 24 = -4*z. What are the prime factors of (1 - 2)/((-3)/z)?
2
Suppose -5*k + 11 = 3*r - 5, 3*r + 4*k - 14 = 0. Suppose -4*b + 75 = b + r*t, 5*t - 77 = -4*b. List the prime factors of b.
13
Let k = -52 - -74. What are the prime factors of k?
2, 11
Let g(j) = j**2 + 4*j + 3. Let k be g(-4). Let m(s) = 0*s**3 - 4*s - k + s + s**3. List the prime factors of m(3).
3, 5
Suppose 4*o + 1 + 2 = f, -4*o - 24 = -4*f. Suppose 3*y = 4*y - f. Suppose -12 = -5*t - 3*r, -r = -2*t - 0 + y. What are the prime factors of t?
3
Let t(k) = -5*k - 2. Let y be t(4). Let x = -11 - y. Let r = x + 4. What are the prime factors of r?
3, 5
Suppose -3*y + 33 = -174. What are the prime factors of y?
3, 23
Let i(p) = -2*p**2 - p + 3. Let w be i(0). Let t(u) be the first derivative of u**2/2 + 3*u + 1. What are the prime factors of t(w)?
2, 3
Let z = 12 + -7. Let q(k) = -k**2 - 7*k + 2. Let f be q(-6). Suppose -s + 2*p = -7, -z*s - 4*p + 13 + f = 0. List the prime factors of s.
5
Let n = 121 + -60. List the prime factors of n.
61
Suppose -6*y + 129 = -3*y. List the prime factors of y.
43
Let t(i) = 4*i**2 - 9*i + 9. What are the prime factors of t(6)?
3, 11
What are the prime factors of (6/18)/((-3)/(-306))?
2, 17
What are the prime factors of 3 - (-4 - (-572)/(-4)) - -2?
2, 19
Let u(o) = o**2. Let s be u(-2). Let r = 22 + s. What are the prime factors of r?
2, 13
Let h = 2 - -13. Suppose -5*k - 5 = -n - 30, 0 = -3*n - 3*k + h. Suppose n = y - g - 12, 2*g - 4*g = 2*y - 12. What are the prime factors of y?
3
Let t = 0 - -2. Let p be t/(-6) - (-40)/(-6). What are the prime factors of -4*4/(8/p)?
2, 7
Let y = -16 + 33. What are the prime factors of y?
17
Suppose 1 - 6 = -n. List the prime factors of n.
5
Let g = 21 + -11. Let z(r) = 3*r - 15. What are the prime factors of z(g)?
3, 5
Let n = 6 + -2. Suppose n*x - 44 = 3*s, -x + 22 = x - s. List the prime factors of x.
11
Suppose 0*v + 4*v + 72 = 0. What are the prime factors of 5*2 + v/(-9)?
2, 3
Let y be (-3740)/33 - (-2)/(-3). List the prime factors of (-2)/(3/(y/4)).
19
Let v(u) = 70*u**2 + 2*u + 3. What are the prime factors of v(-1)?
71
Let o be (1 - -2)/(-1 + 0). Let a(y) = -2*y. Let m(r) = 3*r + 2. Let b(w) = 4*a(w) + 2*m(w). List the prime factors of b(o).
2, 5
Let h(m) = 2*m - 2. Let i be h(2). What are the prime factors of 6*(-1)/i - -14?
11
List the prime factors of 6*((-250)/(-6) - 5).
2, 5, 11
Let k(j) = -j**3 + 7*j**2 + 11*j - 7. What are the prime factors of k(6)?
5, 19
List the prime factors of -2 + 34 + (-4)/4.
31
List the prime factors of ((-6528)/(-27) - (-4)/18)*1.
2, 11
Let v(j) = -j**2 + 12*j - 6. Let p be (-1)/(4/4) + 7. List the prime factors of v(p).
2, 3, 5
Suppose 172 = q - 119. What are the prime factors of q?
3, 97
Let d = 14 - 9. Let x = d + 26. List the prime factors of x.
31
Suppose -2*v - 2*u + 11 = 1, -5*v + 5*u = -75. What are the prime factors of v?
2, 5
Let c(p) be the second derivative of 0 - 5/2*p**2 + p - 1/3*p**3. List the prime factors of c(-4).
3
Let q = 178 - 123. What are the prime factors of q?
5, 11
Let x(k) = -14*k + 9. Let c(a) = -29*a + 19. Let z(v) = 6*c(v) - 13*x(v). Let r = -37 - -39. What are the prime factors of z(r)?
13
Suppose 0 = d - 4*d + 3*j - 3, -9 = -3*j. What are the prime factors of 1/d*(-2 - -76)?
37
Suppose -44 = -z + 34. List the prime factors of z.
2, 3, 13
Let v(r) = 2*r - 6. List the prime factors of v(6).
2, 3
Suppose -14*u = -16*u + 20. What are the prime factors of u?
2, 5
Let b = 12 + 16. Suppose 3*i - b = 53. What are the prime factors of i?
3
Suppose 4*d = 10*d - 456. List the prime factors of d.
2, 19
Suppose 5*s = 5*h - 260, -2*h + 4*h - s - 99 = 0. List the prime factors of h.
47
Let h = 0 + 2. What are the prime factors of h/(-1 + -1)*-13?
13
Suppose a - 39 = 11. What are the prime factors of a?
2, 5
Let h(f) = -f**2 + 6*f + 4. Let l be h(3). Suppose -3*q + 43 = l. List the prime factors of q.
2, 5
Suppose 0*y - 2*v = -2*y - 4, -v - 5 = 0. Let i be y + 5/(15/(-9)). Let u = 16 + i. List the prime factors of u.
2, 3
Let z be 10*((-3)/(-6) + -1). Let q = 11 + z. List the prime factors of q.
2, 3
Suppose 2*s + 2*s = 20. Suppose 0 = -2*l - j - 3*j + 16, 0 = -s*j - 20. List the prime factors of l.
2
Let q = -22 + 22. Suppose -2*z + 28 + 6 = q. List the prime factors of z.
17
List the prime factors of ((-21)/6 + 2)/((-1)/138).
3, 23
Let o(f) be the first derivative of 7/2*f**2 - 3*f - 1/3*f**3 + 2. What are the prime factors of o(6)?
3
Let a = 1 - -2. Suppose 60 = -5*w + 5*j, 2*w + 2*w + 43 = a*j. Let b = w + 10. What are the prime factors of b?
3
Suppose 3*i - 2*r = -28, 5*i + 27 + 5 = -4*r. Let l = -44 + 30. Let o = i - l. List the prime factors of o.
2, 3
Let z(g) = 3*g**3 - 7*g**2 - 3*g. Let l be z(6). Suppose 23 = -5*f + 13. List the prime factors of f/(-5) - l/(-30).
13
Suppose -k = 3*c - 1 - 4, -4*k - 3*c + 2 = 0. Let h(z) = -2*z + 8*z**2 + 2*z - z. What are the prime factors of h(k)?
3
What are the prime factors of (-233)/(-1) - 3 - (-6 - -9)?
227
Suppose -5*k - 31 = m - 3*m, 3*m + 4*k - 35 = 0. Suppose m = -2*z + 107. What are the prime factors of z?
47
Let l = -6 - -11. Suppose d - 71 = l*n, -d + 21 + 5 = -2*n. Let r = -7 - n. What are the prime factors of r?
2
Suppose 3*a - g + 2*g - 44 = 0, -2*a - 2*g = -28. What are the prime factors of a?
3, 5
Let a be (12/15)/(4/10). List the prime factors of a/7 + 12/7.
2
Suppose 0*w + 4*w + 4*l = 84, 5*w - 2*l = 91. Let q = -13 + w. List the prime factors of q.
2, 3
Suppose 5*j + 11 + 9 = 0. Let r(u) = u**2 - 2*u + 2. Wha